
What is the remainder when 632 is divided by 152?
24
Calculate the remainder when 197 is divided by 33.
32
Calculate the remainder when 275 is divided by 100.
75
What is the remainder when 43421 is divided by 236?
233
Calculate the remainder when 531 is divided by 181.
169
What is the remainder when 265 is divided by 63?
13
Calculate the remainder when 9117 is divided by 152.
149
Calculate the remainder when 17 is divided by 10.
7
What is the remainder when 602 is divided by 57?
32
What is the remainder when 10247 is divided by 168?
167
Calculate the remainder when 9 is divided by 9.
0
What is the remainder when 523 is divided by 12?
7
Calculate the remainder when 2855 is divided by 947.
14
Calculate the remainder when 1368 is divided by 106.
96
What is the remainder when 220 is divided by 6?
4
What is the remainder when 2652 is divided by 38?
30
Calculate the remainder when 123 is divided by 33.
24
What is the remainder when 35 is divided by 2?
1
What is the remainder when 292 is divided by 49?
47
What is the remainder when 6295 is divided by 70?
65
What is the remainder when 5522 is divided by 85?
82
What is the remainder when 1060 is divided by 118?
116
Calculate the remainder when 159 is divided by 10.
9
What is the remainder when 67 is divided by 13?
2
What is the remainder when 1104 is divided by 14?
12
Calculate the remainder when 158 is divided by 20.
18
Calculate the remainder when 826 is divided by 23.
21
What is the remainder when 4121 is divided by 25?
21
Calculate the remainder when 391 is divided by 5.
1
Calculate the remainder when 207 is divided by 11.
9
Calculate the remainder when 1845 is divided by 154.
151
Calculate the remainder when 262 is divided by 88.
86
What is the remainder when 362 is divided by 26?
24
Calculate the remainder when 72 is divided by 26.
20
Calculate the remainder when 2729 is divided by 21.
20
What is the remainder when 460 is divided by 52?
44
Calculate the remainder when 325 is divided by 82.
79
What is the remainder when 12 is divided by 10?
2
What is the remainder when 1952 is divided by 245?
237
What is the remainder when 333 is divided by 112?
109
What is the remainder when 257 is divided by 26?
23
Calculate the remainder when 5552 is divided by 101.
98
Calculate the remainder when 299 is divided by 27.
2
What is the remainder when 132 is divided by 121?
11
Calculate the remainder when 203 is divided by 74.
55
Calculate the remainder when 1462 is divided by 77.
76
Calculate the remainder when 1177 is divided by 1165.
12
Calculate the remainder when 346 is divided by 176.
170
Calculate the remainder when 127 is divided by 60.
7
Calculate the remainder when 245 is divided by 62.
59
What is the remainder when 81 is divided by 24?
9
What is the remainder when 308 is divided by 38?
4
What is the remainder when 326 is divided by 66?
62
Calculate the remainder when 1509 is divided by 191.
172
What is the remainder when 32 is divided by 3?
2
What is the remainder when 127 is divided by 29?
11
What is the remainder when 1674 is divided by 330?
24
What is the remainder when 94 is divided by 28?
10
What is the remainder when 475 is divided by 32?
27
What is the remainder when 4364 is divided by 59?
57
What is the remainder when 378 is divided by 20?
18
Calculate the remainder when 90 is divided by 3.
0
Calculate the remainder when 244 is divided by 10.
4
What is the remainder when 499 is divided by 207?
85
Calculate the remainder when 428 is divided by 21.
8
What is the remainder when 24 is divided by 21?
3
What is the remainder when 476 is divided by 196?
84
Calculate the remainder when 714 is divided by 181.
171
What is the remainder when 2477 is divided by 118?
117
What is the remainder when 338 is divided by 115?
108
What is the remainder when 475 is divided by 149?
28
Calculate the remainder when 241 is divided by 81.
79
Calculate the remainder when 586 is divided by 290.
6
Calculate the remainder when 26 is divided by 10.
6
Calculate the remainder when 518 is divided by 8.
6
What is the remainder when 299 is divided by 20?
19
What is the remainder when 773 is divided by 18?
17
What is the remainder when 124 is divided by 17?
5
Calculate the remainder when 7391 is divided by 3688.
15
What is the remainder when 483 is divided by 98?
91
What is the remainder when 152 is divided by 41?
29
What is the remainder when 222 is divided by 4?
2
What is the remainder when 221 is divided by 46?
37
What is the remainder when 1214 is divided by 86?
10
What is the remainder when 576 is divided by 116?
112
Calculate the remainder when 60 is divided by 21.
18
What is the remainder when 2490 is divided by 89?
87
Calculate the remainder when 60 is divided by 6.
0
What is the remainder when 366 is divided by 123?
120
What is the remainder when 264 is divided by 134?
130
Calculate the remainder when 1080 is divided by 47.
46
What is the remainder when 768 is divided by 132?
108
What is the remainder when 1686 is divided by 11?
3
What is the remainder when 136 is divided by 71?
65
What is the remainder when 361 is divided by 114?
19
Calculate the remainder when 1007 is divided by 101.
98
What is the remainder when 66 is divided by 23?
20
Calculate the remainder when 356 is divided by 167.
22
Calculate the remainder when 1735 is divided by 37.
33
What is the remainder when 244 is divided by 90?
64
What is the remainder when 131 is divided by 44?
43
Calculate the remainder when 480 is divided by 39.
12
What is the remainder when 2269 is divided by 41?
14
What is the remainder when 1197 is divided by 25?
22
What is the remainder when 286 is divided by 16?
14
Calculate the remainder when 237 is divided by 17.
16
Calculate the remainder when 8360 is divided by 18.
8
Calculate the remainder when 23 is divided by 3.
2
Calculate the remainder when 287 is divided by 16.
15
What is the remainder when 1248 is divided by 5?
3
Calculate the remainder when 50 is divided by 26.
24
Calculate the remainder when 42 is divided by 10.
2
Calculate the remainder when 138 is divided by 56.
26
Calculate the remainder when 22 is divided by 18.
4
What is the remainder when 1212 is divided by 15?
12
What is the remainder when 165 is divided by 44?
33
Calculate the remainder when 603 is divided by 115.
28
Calculate the remainder when 793 is divided by 101.
86
What is the remainder when 197 is divided by 37?
12
Calculate the remainder when 68 is divided by 27.
14
What is the remainder when 142 is divided by 75?
67
What is the remainder when 35 is divided by 18?
17
Calculate the remainder when 13256 is divided by 14.
12
Calculate the remainder when 320 is divided by 155.
10
Calculate the remainder when 268 is divided by 174.
94
What is the remainder when 459 is divided by 22?
19
What is the remainder when 142 is divided by 38?
28
Calculate the remainder when 88 is divided by 70.
18
What is the remainder when 224 is divided by 74?
2
What is the remainder when 615 is divided by 189?
48
What is the remainder when 3497 is divided by 135?
122
Calculate the remainder when 65 is divided by 9.
2
What is the remainder when 67 is divided by 58?
9
What is the remainder when 714 is divided by 11?
10
Calculate the remainder when 2786 is divided by 31.
27
What is the remainder when 175 is divided by 37?
27
What is the remainder when 42 is divided by 14?
0
What is the remainder when 169 is divided by 51?
16
What is the remainder when 135 is divided by 46?
43
Calculate the remainder when 507 is divided by 256.
251
Calculate the remainder when 6562 is divided by 14.
10
What is the remainder when 237 is divided by 51?
33
Calculate the remainder when 3450 is divided by 861.
6
Calculate the remainder when 995 is divided by 235.
55
What is the remainder when 1630 is divided by 136?
134
What is the remainder when 70 is divided by 21?
7
What is the remainder when 1507 is divided by 5?
2
What is the remainder when 1156 is divided by 466?
224
Calculate the remainder when 23 is divided by 11.
1
What is the remainder when 2207 is divided by 34?
31
What is the remainder when 647 is divided by 344?
303
Calculate the remainder when 3310 is divided by 24.
22
Calculate the remainder when 2582 is divided by 23.
6
What is the remainder when 240 is divided by 118?
4
What is the re